+ 4 - m + 7*m**2 + m**3. Calculate w(i).
-7
Let s(i) = i + i**2 + 77 - 33 - 43 + i**3. Calculate s(-2).
-5
Let v(s) = -2*s - 6. Let b(t) = t + 4. Let r(p) = -7*b(p) - 5*v(p). What is r(-3)?
-7
Let u(m) = m**2 - 3*m + 2. Let g(j) = -2*j - 8. Let i be g(-5). Determine u(i).
0
Let r = 1 + -1. Let j(i) = 4*i**2 - 6*i. Let q(p) = -p**2 + p. Let z(b) = -j(b) - 5*q(b). Determine z(r).
0
Let j be 4/5*1*-5. Let k(d) = 3*d**2 + 20*d + 2. Suppose 0 = 4*p + 6 + 26. Let q(g) = g**2 + 7*g + 1. Let t(r) = p*q(r) + 3*k(r). Determine t(j).
-2
Let a(l) be the first derivative of -5/3*l**3 - 4*l + 1/4*l**4 - 1/2*l**2 + 3. Calculate a(5).
-9
Suppose 4*q = 5 + 15. Let x = 8 - q. Let c(s) = 3 + 3*s + s**3 - 6*s**2 + x + 1. Calculate c(5).
-3
Let i(l) = 9*l + 13. Let r(c) = -26*c - 38. Let v(g) = 17*i(g) + 6*r(g). Suppose -k = 3*k + 20. Calculate v(k).
8
Let v = -4 - -6. Let n(c) = -c**3 - v*c**2 - 4*c**2 + 1 - 6*c + 1. Suppose 23 = -6*a + a + x, -19 = 5*a - 3*x. Calculate n(a).
7
Let b(d) = -9 - d - 14 + 25. Calculate b(2).
0
Suppose -2*c = 2*w - 8, -2*w - 8 = -5*c - w. Suppose 2*a + 24 = 4*d, d + a + c*a = 6. Let x(r) = -6*r - 4 - r + d*r. Calculate x(-5).
1
Let a(d) be the third derivative of -d**4/8 + d**3/6 - 8*d**2. Calculate a(-4).
13
Let h(c) = 3*c. Suppose -3*w + 10 = -8*w. Give h(w).
-6
Let h(j) = -3 - j**3 + 0*j**2 - 49*j + j**2 + 53*j + 0. Let g(c) = -c - 1. Suppose -2*d + 6*b = 3*b, 0 = 5*d + 4*b + 23. Let o be g(d). Give h(o).
1
Let i be -1 + (-4)/((-8)/6). Suppose i*z - 4*c = -5*c - 3, -4*z = 3*c + 5. Let y(h) = h**2 + 2 - 2*h + 0*h**2 - h**3 - 3*h**2. Determine y(z).
6
Let q(d) be the second derivative of -d**5/20 - 7*d**4/12 - 3*d**2/2 + 20*d. Determine q(-7).
-3
Let l(i) be the third derivative of i**6/120 + i**5/15 - i**4/6 - 2*i**3/3 - i**2. Give l(-5).
-9
Let l(r) = r + 7. Let x be 97/4 + (-2)/8. Suppose -2*a - 2*a - x = 0. Determine l(a).
1
Let d = -18 - -14. Let f(b) = -b**2 - 2 - 6*b + 3*b + 1. Calculate f(d).
-5
Let a(z) be the third derivative of z**4/24 - z**3/3 + 15*z**2. Suppose 0 - 10 = 2*q - 2*c, -c = -2*q - 7. What is a(q)?
-4
Let c = -9 + 7. Let n(u) be the second derivative of -u**4/4 - u**3/6 + u**2 + 2*u. Calculate n(c).
-8
Suppose -3*k + 1 = -5. Let x(c) = -6*c + 6. Let n(o) = -2*o + 2. Let j(l) = -9*l + 9. Let y(s) = 2*j(s) - 11*n(s). Let z(p) = 5*x(p) + 8*y(p). What is z(k)?
2
Let o(q) = -7*q**3 - 3 - 11*q**3 - q**2 + 19*q**3. Give o(0).
-3
Suppose 3*p + 0*p = -63. Let o be ((-7)/p)/(2/(-42)). Let w(x) = x**2 + 7*x - 6. Calculate w(o).
-6
Let q(g) = g**2 - 3*g - 3. Let h = -3 + 8. Let o = h - 2. Give q(o).
-3
Let b(c) = c**3 + c**2 - 3*c - 3. Let a = 3 + -6. Calculate b(a).
-12
Let c(w) = -2*w**3 - 2*w**2 + w. Let n be c(1). Let j(h) be the first derivative of -4 - 5/2*h**2 - 3*h - 1/3*h**3. Determine j(n).
3
Let c(n) be the first derivative of 2*n**3/3 - 5*n**2/2 - 4*n - 12. What is c(4)?
8
Let b be 6/3*(-10)/4. Let i(k) = 9 + k - 2*k - 12. Give i(b).
2
Let n be 0/(-2) + 17 + -15. Let x(w) = -w**3 + w**2 - w - 1. What is x(n)?
-7
Let a be -9*6/4*4/(-6). Let u(v) = v**2 - 9*v - 6. What is u(a)?
-6
Let s be 1 - (-2)/(-3 - -1). Let v(p) = -3 - 2*p + s*p + p. Let h be v(-3). Let b(u) = -u - 3. Calculate b(h).
-3
Let c be (-15)/3*(1 + 0). Let k = c + 6. Let y(s) = 3*s**2 + 1. Determine y(k).
4
Let t = -11 - -7. Let u(y) = 5*y - y**2 + 8 - 9*y - 5 + 0*y**2. Determine u(t).
3
Let b(y) = -2 + 1 + 1 - 2 + y. Give b(2).
0
Let a be (8 + -7)/(2/46). Suppose -5*q - 49 = 4*w, -5*q - 17 = -5*w + a. Let n be (-1)/(-1 + (-6)/q). Let s(d) = d + 1. Determine s(n).
4
Let f = -7 - -12. Suppose -x + 14 = 3*y - 7, -5*y - 25 = -f*x. Let c(u) = -u**2 + 9*u - 5. Let i be c(x). Let j(p) = -p**3 - 4*p**2 + 4*p - 1. Determine j(i).
4
Let i(w) = 2*w + 4. Let p(b) = b**3 + 10*b**2 + 9*b - 1. Let o be p(-9). Let c = 4 - o. Calculate i(c).
14
Let n(a) = -a**2 - 13*a + 17. Let u be n(-14). Suppose 2 = -4*k + 10. Let p(x) = -x**k - 2*x**3 + 0*x - 3*x**3 - x - x**u. Determine p(-1).
6
Suppose -7 + 3 = -2*d. Let v(g) = -g**d + 3 - g + g + 1 - g. What is v(0)?
4
Let g(s) = s**2 - 7*s - 2. Suppose o = 5*i - 23, -4*o = 3*i - 9*o - 5. Suppose 13 = i*q - 12. What is g(q)?
-12
Let t(n) = -2*n + 2. Let b(j) = -j. Let x be b(5). Let i = x + 3. Calculate t(i).
6
Let g(u) be the second derivative of -u**3/2 + u**2/2 + 5*u. Let l(f) = -4*f. Let p(c) = -7*g(c) + 6*l(c). Determine p(-6).
11
Let r(h) be the first derivative of 5*h**4/4 + h**3/3 + h**2/2 - h - 1. Give r(1).
6
Let w(d) = 1 - 24*d**2 + 23*d**2 + 4*d**3 + d**3. Suppose -h + 1 + 0 = 0. Calculate w(h).
5
Let m(x) be the second derivative of x**5/20 + x**4/3 - x**3 + 3*x**2/2 + 7*x. Calculate m(-5).
8
Let c(g) = 3 - 3*g + g**3 + 11*g**2 + 4*g**3 + 2*g**3. Let r(l) = l**3 + l**2 - l + 1. Let b(p) = c(p) - 6*r(p). Determine b(-3).
6
Let z(s) = -s**3 + s**2 + s + 5. Suppose -3*l + 4*o = 4, -l - o + 5*o - 4 = 0. Calculate z(l).
5
Let u be 88/14 - (0 + 2/7). Let o(t) = -t**2 + 10*t - 6. Give o(u).
18
Suppose c + 4*c = -10. Let s = -3 + c. Let h(u) be the second derivative of -u**4/12 - 5*u**3/6 + 3*u**2 - u. What is h(s)?
6
Let k = -2 - -5. Let x(y) = -3*y - 2*y - 4*y**3 + k*y**3 + 4*y - 6. What is x(0)?
-6
Let l(i) = i**2 + 1. Let x(r) = r**2 + 5*r + 4. Let q be x(-5). Suppose b = -4*t + 2, q*t + 3 = 4*b - 5. Calculate l(t).
1
Let i(w) = -7*w**3 - w**2 - 2*w - 1. Suppose -5 = k + 4*k + 2*g, 3*k = -3*g - 3. What is i(k)?
7
Let k(w) = w**3 - w**2 + w - 1. Let j(t) = 7*t**3 - 6*t**2 + 4*t - 2. Let l(v) = j(v) - 3*k(v). What is l(2)?
23
Let r(v) = -5*v + 5. Let x(u) = 4*u - 4. Let t(c) = 3*r(c) + 4*x(c). What is t(-6)?
-7
Suppose -4*f - 16 = -2*w, -4*f = f + 15. Let g(u) = -4 + w*u**2 + 2*u + u + 0*u - 2*u. What is g(-3)?
11
Let x(g) = g - 4. Let c be x(4). Let n(m) = -5*m + m**2 + 2*m + 4*m + c*m - 3. Give n(-4).
9
Let o = -177 + 179. Let r(t) = -2*t**3 + 3*t - 2. Calculate r(o).
-12
Let n(z) = 7*z + 10. Let p(i) = -i - 1. Let s(h) = -n(h) - 6*p(h). Let v(m) = -m - 3. Let k be v(0). Determine s(k).
-1
Let h(b) = b**2 + 3*b - 1. Suppose 0 = 2*t + t - 51. Suppose 16 = 4*q, 2*w - 11 = -5*q + t. Suppose -4*i = -3*i + w*r + 11, 5*i + 9 = 3*r. Calculate h(i).
-1
Let k(c) be the first derivative of -c**5/120 - c**4/24 - 2*c**3/3 - 1. Let u(h) be the third derivative of k(h). Let d be -4*(27/12)/3. Calculate u(d).
2
Let q be (-1 + 3/2)*2. Let m be (2 + 2/2)*q. Let p(r) = 10*r + 20. Let v(t) = 2*t + 4. Let o(y) = -2*p(y) + 11*v(y). Calculate o(m).
10
Let u(v) = v**2 + 7*v - 1. Let b be u(-5). Let x = b - -6. Let r(h) be the second derivative of h**3/3 + 3*h**2/2 - h. Calculate r(x).
-7
Let h(a) = a - 2. Let q be h(5). Let z(y) = -y**2 - 3*y + 2*y**2 - 2*y - q. Let l(j) = j**3 - 5*j**2 + 5*j + 2. Let f be l(4). Determine z(f).
3
Let j(u) = 2*u**2 - u. Let r be j(1). Suppose -c = -3*i - r, c - 1 = 2*c - 5*i. Let h(m) = 7*m - 4*m - m. Determine h(c).
8
Let r(f) = 6*f**3 + 11*f**2 - 11*f - 12. Let l(v) = -v**3 - v**2 + v + 1. Let m(b) = 5*l(b) + r(b). Determine m(-7).
-14
Let j(o) = -o**2 + o - o**3 + 2*o**3 - 5 + 0*o**3. Let u(r) = 7*r - 119. Let s be u(17). Determine j(s).
-5
Let g(k) = k**3 - 8*k. Let r(i) = -i**3 + 7*i. Let c(n) = -5*g(n) - 6*r(n). Give c(2).
4
Suppose 0 = -2*a - 2*t - 6 - 6, 0 = 2*a - 3*t + 17. Let o = a + 11. Let c(k) = -o + 3 - 5 + 2*k. Determine c(4).
2
Let s(c) be the third derivative of c**5/30 - c**4/3 + c**3/2 + c**2. Suppose -5*u = 4 - 29. Give s(u).
13
Let f(v) be the third derivative of v**4/24 + 3*v**3/2 + v**2. Suppose 13 = m - 2*j, -3*m = 3*j + 8 - 2. Let a = -3 - m. Calculate f(a).
3
Let c(u) = 21*u - 7. Let b(o) = 10*o - 4. Let q(k) = 5*b(k) - 3*c(k). Give q(1).
-12
Let a(r) = r + r + 6 - r. Let p(b) = b**2 - 9 - b**2 - 8*b + b**2. Let t be p(9). What is a(t)?
6
Let r(f) = -2*f**2 - 1. Let u(k) = 7*k**2 + 7*k - 2. Let p(v) = -4*r(v) - u(v). Determine p(7).
6
Let m(u) = -u + 11 - 12 + 0. What is m(0)?
-1
Let n(c) = 1 - 10*c + 0*c + 3*c. Determine n(-1).
8
Let s(b) = -b**3 + 4*b**2 + b - 2. Let g = -7 + 16. Suppose 0 = -2*l - g + 17. Give s(l).
2
Let y(l) be the first derivative of -l**2/2 + 10*l + 2. Suppose 0 = 5*u + 4*k - 20, -4*u - 4*k + 13 + 3 = 0. Suppose w - u - 1 = 0. What is y(w)?
5
Let n be ((-12)/2)/((-9)/6). Let a(b) = 6*b - b**2 - 2*b + n*b - 3*b + 6. Determine a(6).
0
Let r(w) = -2*w